110012 (base 3) to base 9.
-1405
-2034 (base 6) to base 9
-554
Convert 321 (base 10) to base 6.
1253
What is -43612 (base 7) in base 3?
-120000001
-11155 (base 7) to base 6
-21041
What is 112022 (base 3) in base 7?
1061
What is 4218 (base 12) in base 9?
10812
115b (base 13) to base 15
acc
What is 43334 (base 5) in base 8?
5631
Convert d14 (base 16) to base 4.
310110
What is 11031231 (base 4) in base 6?
242513
What is 2052 (base 10) in base 2?
100000000100
What is -220210101 (base 3) in base 2?
-100011010011001
Convert 11001000010 (base 2) to base 7.
4446
Convert -512b (base 13) to base 16.
-2bb7
What is -15350 (base 6) in base 10?
-2514
Convert -1058 (base 15) to base 2.
-110110000010
Convert 13241 (base 6) to base 15.
911
What is -1813 (base 10) in base 12?
-1071
Convert 110000110011010 (base 2) to base 10.
24986
-75c (base 13) to base 10
-1260
What is -3f (base 16) in base 7?
-120
What is 12100022 (base 3) in base 15?
124b
What is -3210032 (base 4) in base 8?
-34416
-2130 (base 4) to base 8
-234
-3a9 (base 11) to base 12
-342
What is -1101101010001 (base 2) in base 6?
-52213
21053 (base 7) to base 6
35555
-13c6 (base 15) to base 10
-4236
Convert -2200 (base 6) to base 11.
-419
Convert -2334 (base 8) to base 6.
-5432
1616 (base 8) to base 14
490
What is 47125 (base 8) in base 2?
100111001010101
Convert 9215 (base 12) to base 16.
3df1
What is -102122 (base 3) in base 5?
-2224
What is -13349 (base 10) in base 7?
-53630
Convert 94a (base 12) to base 7.
3643
What is -257 (base 9) in base 13?
-136
Convert -17247 (base 8) to base 3.
-101202122
What is d95 (base 15) in base 3?
11012112
Convert 212021111 (base 3) to base 16.
4249
58 (base 13) to base 16
49
-101101001 (base 2) to base 12
-261
What is 6553 (base 14) in base 15?
52cc
What is -54313 (base 6) in base 5?
-214321
What is 13230 (base 4) in base 15?
22c
-168 (base 9) to base 5
-1033
-941 (base 14) to base 7
-5211
What is -155 (base 8) in base 7?
-214
What is -302010 (base 4) in base 10?
-3204
3557 (base 9) to base 4
221110
-11011000 (base 2) to base 14
-116
-8a22 (base 11) to base 4
-2321222
Convert 2011 (base 10) to base 7.
5602
-13322 (base 4) to base 13
-2cc
-405046 (base 7) to base 16
-10d71
What is 20200102 (base 3) in base 9?
6612
Convert -52031 (base 7) to base 13.
-5a2c
What is -a75 (base 13) in base 11?
-1384
100101 (base 2) to base 14
29
What is -1001010001011 (base 2) in base 8?
-11213
3b1 (base 16) to base 11
78a
Convert 32 (base 12) to base 4.
212
Convert -80ca (base 15) to base 3.
-1101022001
Convert 11330 (base 5) to base 11.
6a4
-1056 (base 9) to base 5
-11110
Convert 1d9 (base 14) to base 7.
1062
Convert -bbb (base 14) to base 16.
-911
Convert -2102222 (base 5) to base 9.
-52521
Convert a6e (base 16) to base 2.
101001101110
Convert -11220 (base 3) to base 15.
-8c
What is 17477 (base 10) in base 16?
4445
Convert -4128 (base 10) to base 5.
-113003
Convert 2361 (base 8) to base 4.
103301
What is 310201 (base 4) in base 9?
4544
Convert 11451 (base 7) to base 16.
ba0
Convert 1d0 (base 16) to base 15.
20e
Convert 192c (base 14) to base 7.
16155
What is -2111201111 (base 3) in base 10?
-49369
573 (base 11) to base 10
685
-24213 (base 6) to base 9
-4760
Convert 2390 (base 13) to base 2.
1001110011010
Convert -14165 (base 10) to base 11.
-a708
-10665 (base 12) to base 5
-1143202
What is -110100110110011 (base 2) in base 7?
-141614
Convert 1694 (base 10) to base 8.
3236
What is -b45 (base 16) in base 12?
-1805
-19868 (base 10) to base 15
-5d48
-1105 (base 8) to base 3
-210112
Convert 94c (base 14) to base 10.
1832
4321 (base 9) to base 2
110001101010
What is -1222100 (base 3) in base 9?
-1870
-1065 (base 7) to base 15
-1b0
-11011111000110 (base 2) to base 4
-3133012
What is 332 (base 12) in base 16?
1d6
-12406 (base 7) to base 8
-6331
-21a (base 12) to base 15
-15a
-505e (base 16) to base 4
-11001132
Convert 2ca (base 15) to base 3.
212201
442 (base 8) to base 5
2130
Convert -3761 (base 8) to base 11.
-1589
Convert -9e (base 16) to base 2.
-10011110
190d (base 14) to base 9
6173
What is 2781 (base 9) in base 7?
6055
1010020 (base 5) to base 13
752a
What is -32186 (base 10) in base 15?
-980b
What is -21632 (base 8) in base 5?
-242424
Convert -23300 (base 7) to base 3.
-22012102
-65c1 (base 14) to base 8
-42315
-241102 (base 5) to base 2
-10001011000110
What is 13c (base 14) in base 12?
18a
Convert -1012 (base 3) to base 16.
-20
-1 (base 6) to base 7
-1
What is -15b1 (base 16) in base 9?
-7550
Convert -100 (base 4) to base 15.
-11
Convert -bf43 (base 16) to base 14.
-13bb5
-874 (base 11) to base 7
-3026
-2849 (base 11) to base 16
-e63
Convert -1175 (base 10) to base 16.
-497
Convert 10000011100000 (base 2) to base 15.
2761
Convert -331023 (base 4) to base 2.
-111101001011
Convert -43a (base 16) to base 4.
-100322
-23 (base 15) to base 9
-36
Convert -3a11 (base 12) to base 11.
-4a94
What is -4525 (base 12) in base 5?
-221121
What is ba (base 13) in base 11?
12a
What is 1b3 (base 15) in base 16?
189
What is -6107 (base 11) in base 4?
-1332302
What is -356542 (base 7) in base 15?
-142c4
13341 (base 7) to base 15
1106
What is -260 (base 9) in base 2?
-11011000
-3032 (base 4) to base 2
-11001110
Convert -a25 (base 15) to base 11.
-1798
Convert 675 (base 11) to base 15.
38d
Convert 9c (base 13) to base 2.
10000001
Convert -207 (base 9) to base 5.
-1134
Convert -3562 (base 7) to base 12.
-91a
What is -15524 (base 8) in base 15?
-2116
Convert -1100100101 (base 2) to base 16.
-325
Convert bdfd (base 16) to base 12.
24191
What is -44461 (base 9) in base 10?
-29539
Convert 100b4 (base 12) to base 13.
9667
What is 8b08 (base 13) in base 15?
5b63
-7684 (base 13) to base 5
-1012001
Convert -25305 (base 7) to base 15.
-1e99
Convert 12888 (base 12) to base 16.
6368
-19672 (base 10) to base 9
-28877
Convert -239 (base 12) to base 11.
-283
Convert a24a (base 13) to base 3.
1010200112
8bcc (base 16) to base 12
18864
Convert -1570 (base 8) to base 14.
-476
Convert -20000 (base 4) to base 5.
-4022
What is -2122121202 (base 3) in base 5?
-3132321
Convert -5044 (base 6) to base 4.
-101110
1327b (base 12) to base 9
40065
What is 1110100101100010 (base 2) in base 3?
10000221211
-853 (base 9) to base 6
-3120
Convert 2e3 (base 15) to base 3.
220120
131322 (base 4) to base 5
30124
111110111111 (base 2) to base 15
12db
What is 15001 (base 6) in base 7?
6634
3142 (base 5) to base 16
1a6
What is 47161 (base 10) in base 16?
b839
Convert 231 (base 8) to base 12.
109
Convert -115 (base 9) to base 3.
-10112
Convert -422540 (base 6) to base 12.
-17a50
-201323 (base 4) to base 5
-32141
-101214 (base 7) to base 11
-11a70
What is -24232 (base 10) in base 6?
-304104
What is 10012 (base 5) in base 16?
278
What is 45405 (base 6) in base 15?
1d78
Convert 635 (base 10) to base 3.
212112
-123c8 (base 15) to base 16
-e37e
What is -1318 (base 11) in base 2?
-11010110001
What is -201 (base 3) in base 11?
-18
-114223 (base 5) to base 3
-12220202
What is 21322001 (base 4) in base 7?
226205
What is -4134 (base 8) in base 9?
-2837
What is -23032 (base 5) in base 4?
-121222
What is -e82 (base 15) in base 7?
-12353
Convert -2321 (base 10) to base 12.
-1415
What is 20145 (base 6) in base 10?
2657
4671 (base 9) to base 10
3466
What is 1111100011 (base 2) in base 8?
1743
What is -197 (base 11) in base 9?
-272
Convert 606 (base 9) to base 15.
22c
-784 (base 11) to base 2
-1110101011
What is -229b8 (base 12) in base 8?
-132434
What is 2288 (base 12) in base 4?
330020
What is f04 (base 16) in base 5?
110334
What is 11000100100 (base 2) in base 15?
6ec
Convert 2b1 (base 12) to base 3.
120121
What is 4dab (base 16) in base 9?
30242
What is 101122002 (base 3) in base 8?
17107
-9ca (base 13) to base 16
-697
Convert 46 (base 10) to base 2.
101110
Convert -3300 (base 5) to base 6.
-2030
Convert 4075 (base 9) to base 13.
1487
What is -3402 (base 6) in base 10?
-794
Convert 8106 (base 14) to base 2.
101011010001010
What is -248 (base 15) in base 12?
-372
Convert 16ab (base 15) to base 4.
1030112
3121232 (base 4) to base 6
144302
Convert -10433 (base 6) to base 7.
-4155
Convert 45b (base 15) to base 13.
5ab
Convert 82e9 (base 16) to base 15.
9de3
Convert -2433 (base 7) to base 16.
-38a
Convert -1112021 (base 4) to base 10.
-5513
-1479 (base 12) to ba